be z(-6). Let u be 0*(-3)/h - (-29463 - 1). Suppose 2*r - u = -6*r. Is r a composite number?
True
Suppose 14614 + 8734 = 4*z. Suppose -2*l - 1899 = -z. Is l composite?
True
Let g(t) = 2*t**3 + 17*t**2 + 10*t + 20. Let l be g(-8). Suppose 2*v - l*c + 28 = 12, 2*v + c = -1. Is v/(4/(-282))*(-188)/(-12) a prime number?
False
Suppose 19*b - 8*b = 61248. Suppose -2*f = -5*i - b, 5*f - f - 11152 = 2*i. Is f a prime number?
True
Let i = 13875 - -8690. Is (-100)/275 + i/11 prime?
False
Let a = -6179 + 10497. Let c = a + -2936. Is c a composite number?
True
Let r = -8 + 9. Let w(u) = -2*u - 7 + 3 + r + 55*u. Is w(10) composite?
True
Let d(h) be the third derivative of 31/6*h**3 - 25/8*h**4 - 5*h**2 + 0 + 0*h. Is d(-10) a prime number?
False
Is 18061988/280 + (-3)/30 a prime number?
False
Suppose 25*y = 26*y - 556. Let c = y + -87. Is c a prime number?
False
Let t = 294 + 1507. Is t a composite number?
False
Let p(j) = -j**3 - 22*j**2 + 25*j + 49. Let s be p(-23). Suppose -4*q + 4 = -s*q. Is ((-3694)/q)/(3 - (-57)/(-18)) prime?
False
Suppose -14 = -2*x - 5*x. Let u be -3 + -4*14/(-8). Suppose -u*h = x*i - 174, 0 = -5*i - 4*h - 18 + 459. Is i composite?
False
Let k(p) = p + 9. Let b be k(-4). Suppose -g + b + 0 = 0. Suppose 3319 = 5*i - 3*f - 4957, -2*f + 8291 = g*i. Is i a prime number?
True
Let p(k) = -6688*k + 1009. Is p(-5) a prime number?
False
Suppose 0 = -66*u + 19635413 + 22713289. Is u composite?
True
Is 6/(288/7530132) + 5/20 composite?
True
Let h(d) = 47*d + 22. Is h(17) prime?
True
Suppose -4*s = -i - 516746, -313*i - 129193 = -s - 316*i. Is s a composite number?
False
Let y = -913 + 957. Suppose -y*k = -37*k - 82901. Is k composite?
True
Let g = -31 + 9. Let q(j) = -427*j - 167. Is q(g) a prime number?
True
Let x(p) = -1253*p - 303. Is x(-14) composite?
False
Is ((0 + -11)*1)/((-241)/15927449) a composite number?
True
Let v(z) = 22*z**2 + 18*z + 26. Let q be v(15). Suppose -4*n - 3*u + 10448 = 0, -2*n + 4*u = -0*u - q. Let b = n + -1302. Is b prime?
False
Suppose -3*y = 3, -3*i - 4*y + 1565291 = 7806. Is i a prime number?
False
Let p(g) = 33984*g + 1101. Is p(10) a composite number?
True
Suppose i = 3*j - 3*i - 12038, 4*i - 11998 = -3*j. Suppose 23*h = 25*h - j. Is h prime?
True
Let o = -21 + 39. Suppose -2*h + 4*w + 118 = 0, -2*h - o = w - 156. Let u = -9 + h. Is u a prime number?
False
Suppose -3653403 + 5055588 = 200*h - 9303215. Is h a prime number?
True
Suppose -4*y + 322927 = 3*u, -34*u + 30*u = 28. Is y a composite number?
False
Is 20846 - (-2 - (13 - 7)) a prime number?
False
Suppose 0 = -6*c + 31286 - 11930. Suppose -6440 = -2*n + 2*d, 0 = 5*n - 4*n - 3*d - c. Is n a composite number?
False
Suppose 0 = 10*s - 13*s - 3*o + 3, -4*s + 2*o + 34 = 0. Is (-14)/s + 2 + 27284/6 a prime number?
True
Let t(j) = -410*j + 203. Is t(-10) prime?
False
Let o = -5000 + 8644. Let q = o + 1077. Is q a prime number?
True
Let w(a) = 148*a**2 + 2*a - 1. Suppose -2*c - 13*c + 15 = 0. Is w(c) a prime number?
True
Suppose -39*d = -37*d - 262. Let z = d - 128. Suppose 0 = 8*o - z*o + n - 2710, -3*n - 1101 = -2*o. Is o prime?
False
Suppose 4*t + 4*c - 1787392 = 0, -4*t + 28*c - 29*c = -1787401. Is t prime?
False
Let m = -1938 + 3277. Is m prime?
False
Suppose -8*p - 2956 = -18844. Suppose -53*d + 47*d = -p. Is d composite?
False
Let f = -93 + -208. Let j = 58 - f. Is j composite?
False
Let f be (-1)/(-4) - (-39)/(-24)*-6. Suppose 70865 = -5*z + f*z. Is z a composite number?
False
Let z be 12/8*(-10)/(-3). Suppose 9946 = -2*x - 0*x - s, -4951 = x - z*s. Let u = -2534 - x. Is u composite?
False
Is 29/261 + (-2812784)/(-36) composite?
True
Let c = -680 - -703. Is 25916/1 + (20 - c) a composite number?
False
Suppose -y + 1222025 = 2*u, 12*y + 2444029 = 4*u + 7*y. Is u composite?
False
Suppose 2*i - 4*x - 11879 = x, 4*i - 3*x = 23737. Suppose -454*u + i = -452*u. Is u a prime number?
False
Let m(g) = -62983*g - 513. Is m(-2) a prime number?
True
Let o(r) = -2*r**2 + 13*r + 8. Let j be o(7). Let n(b) = 605*b**2 + 8*b + 1. Is n(j) a prime number?
False
Suppose 2*k - 14 = -f, -3*k = f + 2*k - 29. Let u be 4011/14*f/6. Let g = u + -102. Is g a composite number?
False
Suppose 0 = 5*s - 2*v - 9296, 3*v = -2*s + 4804 - 1078. Let w = -869 + s. Is w a composite number?
False
Let d be 5 + -1 + -1 - 23*-1. Let j(n) = n**3 - 22*n**2 - 20*n + 65. Is j(d) composite?
True
Suppose 2*j - 4*j + 2*z = 210, j - 5*z = -105. Let w = j + 1192. Is w composite?
False
Suppose 2*h + 3*t - 177007 = 0, 2*h - 118623 = 6*t + 58321. Is h a composite number?
False
Let m = 186156 - 106373. Is m composite?
True
Suppose -235*q + 2329744 = -219*q. Is q a composite number?
True
Let d(j) = -j**3 + 9*j**2 - 9*j + 11. Let l be d(8). Suppose 13*k = 16*k - 9, -l*z - 4*k = -8343. Is z a prime number?
True
Let r = 198 + -170. Is (r/(-8) - -4)*29182 a composite number?
False
Suppose -3*r + 2199413 - 223059 = l, -l = 2*r - 1317571. Is r prime?
True
Is (-188524186)/(-638) + 18/33 composite?
True
Let s be 4/(-22) - 100/55. Let q be 12/4 + 4/s. Is q/6 + 15999/18 prime?
False
Suppose -d = -3*y + 11, -2*y = d + 4*d - 13. Suppose -16 = y*b + 6*s - 2*s, -4*b - 3*s = 15. Is ((-235)/(-4) + b)/(2/8) a prime number?
True
Suppose 33 = k - 28. Let w = k - 56. Suppose -w*s + 4*s + 3207 = 0. Is s a composite number?
True
Is 2/(-6) + (-109071184)/(-408) a composite number?
True
Suppose 4*h - 2*j - 10 = 0, 0 = 4*h + 2*j - 5*j - 9. Suppose -2*v + h*v - 139 = 0. Is v a composite number?
False
Suppose 0*o + 5*o + 125 = -5*t, t - o = -19. Let l be 4/t + (-80)/44. Is (-3 - 0) + 6 + l + 2568 a composite number?
True
Let t(n) = 29*n + 18. Suppose 3*s - 60 = -s. Let a be t(s). Let j = 1516 + a. Is j prime?
False
Suppose 3*o - 341902 = -3*r - 114481, -3*r + 227417 = o. Is r composite?
True
Suppose -5*t - 5 = -0*t, -84 = -3*q + 3*t. Suppose 0 = -q*z - 5*z + 30944. Is z a composite number?
False
Let p = 15110 + -8878. Suppose 3*l = -l + p. Suppose -a = -9*r + 6*r - l, 3*a - 4666 = r. Is a a composite number?
True
Let q = 13 - -24. Let b = q + -42. Is (-382)/(b/((-100)/(-48)) - -2) prime?
False
Let u(t) = 26*t**3 + 6*t**2 + 7. Let b(h) = 25*h**3 + 5*h**2 + 6. Let r(x) = 6*b(x) - 5*u(x). Let m be (-4)/(-3)*(0 - 18/(-12)). Is r(m) a composite number?
True
Let c(j) = 2*j**2 + 16*j + 31. Let x(i) = -5*i - 29. Let w be x(-6). Let p(o) = -o + 1. Let f(n) = w*c(n) + 6*p(n). Is f(-17) a prime number?
False
Is (-88798)/((3 - 2) + 7 + -10) a composite number?
True
Suppose -11779 = 5*c + 2*t, 0*c + c + 2351 = 2*t. Is (7 - 5)/(c/2361 + 1) a composite number?
False
Let d(r) = 126*r - 226. Let v be d(-6). Let i = 1571 + v. Is i a prime number?
False
Let a(r) = 1. Let c(l) = -8*l + 16. Let j(t) = 8*a(t) + c(t). Let b be j(10). Is (-6636)/b*4/6 prime?
True
Suppose 7*b = -5*k + 10*b + 252, -5*b = 20. Is (-3947373)/(-297) - (2 - k/22) prime?
True
Let m = 5 - 1. Suppose 2*j + 3*y = m*j - 19, 8 = -j - 2*y. Suppose -j*b + c = -14125, b + 3*c = 3093 + 3973. Is b a composite number?
True
Let s(t) = t - 2. Let w be s(4). Let q be (-2)/5 - 45546/(-15). Suppose -1022 = w*n - q. Is n composite?
True
Let v(w) = 13409*w**2 - 189*w - 577. Is v(-3) a prime number?
True
Is (-13 + 64/4)*(-23794)/(-6) a prime number?
True
Suppose -103715 + 2300 = -15*z. Is z a prime number?
True
Let c be (32624/(-96))/(3/(-18)). Suppose -15*y - 10195 = -5*v - 11*y, -v = -3*y - c. Is v a prime number?
True
Let k(t) = -403*t + 22. Let x be k(-3). Let g = -164 + x. Is g prime?
False
Suppose 1494*g = 1499*g - 293285. Is g a prime number?
True
Let z = -58 + 51. Let w(f) = -f**3 - 8*f**2 - 8*f - 7. Let r be w(z). Suppose -12*i + 6*i + 3534 = r. Is i prime?
False
Is (462/56 - 9) + -2*(-1182236)/32 prime?
False
Suppose 2*a + k - 283938 = 0, -5*k = -6*a + 4*a + 283962. Is a a prime number?
True
Suppose -2*x + x - 6 = 0. Let k(w) = -w**3 - 8*w**2 - 14*w - 13. Let l be k(x). Is 1733 - (-1)/l*0/(-7) a prime number?
True
Let d = 185 - 363. Let m be (-129)/(4 + 0 + -4 + -1). Let h = m - d. Is h prime?
True
Suppose -76*k + 81 = -85*k. Is (-18)/(-4)*6/k - -1904 a composite number?
False
Suppose 6*j + 2*t - 18 = 2*j, -5*t = -2*j - 9. Suppose 5*o + 9 = j*v, 0*v - 2*v + 3*o + 5 = 0. Is (v + 7/3)*489 a prime number?
True
Let b = -35 + 40. Suppose b*x = 6*x. Suppose 3*l = -0*l - 4*q + 1074, -3*q = x. Is